{"id":339,"date":"2014-07-11T20:27:57","date_gmt":"2014-07-11T20:27:57","guid":{"rendered":"http:\/\/localhost\/drclaudiopol\/3_2014\/?page_id=339"},"modified":"2014-11-25T16:37:51","modified_gmt":"2014-11-25T16:37:51","slug":"celulitis-y-flaccidez","status":"publish","type":"page","link":"https:\/\/www.drclaudiopol.com.ar\/nuevo\/tratamientos\/medicina-estetica\/celulitis-y-flaccidez\/","title":{"rendered":"Celulitis y Flaccidez"},"content":{"rendered":"<div class=\"foto-derecha\"><img decoding=\"async\" src=\"http:\/\/drclaudiopol.com.ar\/nuevo\/wp-content\/uploads\/celulitis.jpg\" alt=\"Celulitis y Flaccidez\" \/><\/div>\n<p>En nuestro Centro M\u00e9dico ofrecemos una amplia gama de tratamientos est\u00e9ticos corporales y faciales que se adaptan a cada paciente, con equipamiento de \u00faltima generaci\u00f3n. <\/p>\n<p>Para la Celulitis \/ Flaccidez, enfocamos su abordaje con los siguiente procedimientos:<\/p>\n<div style=\"margin-left: 25px;\"><strong> * Mesoterapia.<\/p>\n<p>  * Presoterapia secuencial.<\/p>\n<p>  * Radiofrecuencia.<\/p>\n<p>  * Drenaje linf\u00e1tico.<\/strong><\/div>\n<p>La mesoterapia se basa en la utilizaci\u00f3n de instrumental espec\u00edfico, que logra inyectar en forma intrad\u00e9rmica o subd\u00e9rmica, microdosis de f\u00e1rmacos que estimulan la producci\u00f3n de col\u00e1geno, tienen acci\u00f3n lipol\u00edtica, contribuyen a la reparaci\u00f3n celular y\/o son vasoactivos.<\/p>\n<p>Usualmente la asociamos con masajes de drenaje linf\u00e1tico manual o mediante las botas de presoterapia secuencial.<\/p>\n<p>Sumamos aparatolog\u00eda (radiofrecuencia), para obtener resultados a\u00fan superiores.<\/p>\n[contemplate-5]\n","protected":false},"excerpt":{"rendered":"<p>En nuestro Centro M\u00e9dico ofrecemos una amplia gama de tratamientos est\u00e9ticos corporales y faciales que se adaptan a cada paciente, con equipamiento de \u00faltima generaci\u00f3n. Para la Celulitis \/ Flaccidez, enfocamos su abordaje con los siguiente procedimientos: * Mesoterapia. * Presoterapia secuencial. * Radiofrecuencia. * Drenaje linf\u00e1tico. La mesoterapia se basa en la utilizaci\u00f3n de [&hellip;]<\/p>\n","protected":false},"author":3,"featured_media":0,"parent":113,"menu_order":40,"comment_status":"open","ping_status":"closed","template":"page-full.php","meta":{"footnotes":""},"class_list":["post-339","page","type-page","status-publish","hentry"],"_links":{"self":[{"href":"https:\/\/www.drclaudiopol.com.ar\/nuevo\/wp-json\/wp\/v2\/pages\/339","targetHints":{"allow":["GET"]}}],"collection":[{"href":"https:\/\/www.drclaudiopol.com.ar\/nuevo\/wp-json\/wp\/v2\/pages"}],"about":[{"href":"https:\/\/www.drclaudiopol.com.ar\/nuevo\/wp-json\/wp\/v2\/types\/page"}],"author":[{"embeddable":true,"href":"https:\/\/www.drclaudiopol.com.ar\/nuevo\/wp-json\/wp\/v2\/users\/3"}],"replies":[{"embeddable":true,"href":"https:\/\/www.drclaudiopol.com.ar\/nuevo\/wp-json\/wp\/v2\/comments?post=339"}],"version-history":[{"count":8,"href":"https:\/\/www.drclaudiopol.com.ar\/nuevo\/wp-json\/wp\/v2\/pages\/339\/revisions"}],"predecessor-version":[{"id":1659,"href":"https:\/\/www.drclaudiopol.com.ar\/nuevo\/wp-json\/wp\/v2\/pages\/339\/revisions\/1659"}],"up":[{"embeddable":true,"href":"https:\/\/www.drclaudiopol.com.ar\/nuevo\/wp-json\/wp\/v2\/pages\/113"}],"wp:attachment":[{"href":"https:\/\/www.drclaudiopol.com.ar\/nuevo\/wp-json\/wp\/v2\/media?parent=339"}],"curies":[{"name":"wp","href":"https:\/\/api.w.org\/{rel}","templated":true}]}}