{"id":319,"date":"2014-07-11T18:00:49","date_gmt":"2014-07-11T18:00:49","guid":{"rendered":"http:\/\/localhost\/drclaudiopol\/3_2014\/?page_id=319"},"modified":"2014-11-25T16:26:59","modified_gmt":"2014-11-25T16:26:59","slug":"depilacion-laser","status":"publish","type":"page","link":"https:\/\/www.drclaudiopol.com.ar\/nuevo\/tratamientos\/medicina-estetica\/depilacion-laser\/","title":{"rendered":"Depilaci\u00f3n L\u00e1ser"},"content":{"rendered":"<div class=\"foto-derecha\"><img decoding=\"async\" src=\"http:\/\/drclaudiopol.com.ar\/nuevo\/wp-content\/uploads\/foto-rejuvenecimiento-facial-depilacion-laser.jpg\" alt=\"tratamientos_laser_medicina_estetica\" border=\"0\" \/><\/div>\n<p>La depilaci\u00f3n l\u00e1ser se realiza mediante el uso de la\u00a0LUZ ULTRAPULSADA -IPL-, la cual concentra\u00a0gran cantidad de energ\u00eda sobre la melanina de las c\u00e9lulas de los fol\u00edculos pilosos responsables de generar el pelo, elimin\u00e1ndolo definitivamente.<\/p>\n<p>Este proceso se denomina\u00a0fototerm\u00f3lisis o fotocoagulaci\u00f3n selectiva, pues transforma la energ\u00eda lum\u00ednica emitida por el equipo\u00a0IPL, en energ\u00eda t\u00e9rmica que destruye la papila d\u00e9rmica donde se genera el pelo, sin lesionar la piel circundante.<\/p>\n<p>El procedimiento es espec\u00edfico, probado cient\u00edficamente y superior a todo lo conocido hasta ahora.<\/p>\n<p>Con el equipo de \u00faltima generaci\u00f3n que trabajamos, podemos ofrecer tratamientos exitosos en todos los tipos de piel, a\u00fan en pieles algo bronceadas y\/o con vello claro y fino.<\/p>\n<p>Constituye la gran soluci\u00f3n para la foliculitis (pelos encarnados).<\/p>\n<p>La t\u00e9cnica NO es invasiva, no requiere agujas, ni el uso de ceras, pinzas o anestesia.<\/p>\n<p>El tratamiento puede realizarse en ambos sexos, en todas las \u00e1reas y sin limitaciones de edad.<\/p>\n<p>La eficacia del procedimiento depender\u00e1 del color de la piel y del grosor, color y estad\u00edo evolutivo del pelo.<\/p>\n<p>Debido a que el pelo tiene distintas etapas de crecimiento y la luz ultrapulsada elimina el pelo que se encuentra en la fase de crecimiento (an\u00e1gena), el tratamiento requerir\u00e1 m\u00e1s de una sesi\u00f3n.<\/p>\n<p>Muy pocas contraindicaciones aplican al procedimiento.<\/p>\n<p>La depilaci\u00f3n con IPL es muy eficaz, r\u00e1pida, segura e indolora.<\/p>\n[contemplate-5]\n","protected":false},"excerpt":{"rendered":"<p>La depilaci\u00f3n l\u00e1ser se realiza mediante el uso de la\u00a0LUZ ULTRAPULSADA -IPL-, la cual concentra\u00a0gran cantidad de energ\u00eda sobre la melanina de las c\u00e9lulas de los fol\u00edculos pilosos responsables de generar el pelo, elimin\u00e1ndolo definitivamente. Este proceso se denomina\u00a0fototerm\u00f3lisis o fotocoagulaci\u00f3n selectiva, pues transforma la energ\u00eda lum\u00ednica emitida por el equipo\u00a0IPL, en energ\u00eda t\u00e9rmica que [&hellip;]<\/p>\n","protected":false},"author":3,"featured_media":0,"parent":113,"menu_order":0,"comment_status":"closed","ping_status":"open","template":"page-full.php","meta":{"footnotes":""},"class_list":["post-319","page","type-page","status-publish","hentry"],"_links":{"self":[{"href":"https:\/\/www.drclaudiopol.com.ar\/nuevo\/wp-json\/wp\/v2\/pages\/319","targetHints":{"allow":["GET"]}}],"collection":[{"href":"https:\/\/www.drclaudiopol.com.ar\/nuevo\/wp-json\/wp\/v2\/pages"}],"about":[{"href":"https:\/\/www.drclaudiopol.com.ar\/nuevo\/wp-json\/wp\/v2\/types\/page"}],"author":[{"embeddable":true,"href":"https:\/\/www.drclaudiopol.com.ar\/nuevo\/wp-json\/wp\/v2\/users\/3"}],"replies":[{"embeddable":true,"href":"https:\/\/www.drclaudiopol.com.ar\/nuevo\/wp-json\/wp\/v2\/comments?post=319"}],"version-history":[{"count":6,"href":"https:\/\/www.drclaudiopol.com.ar\/nuevo\/wp-json\/wp\/v2\/pages\/319\/revisions"}],"predecessor-version":[{"id":1649,"href":"https:\/\/www.drclaudiopol.com.ar\/nuevo\/wp-json\/wp\/v2\/pages\/319\/revisions\/1649"}],"up":[{"embeddable":true,"href":"https:\/\/www.drclaudiopol.com.ar\/nuevo\/wp-json\/wp\/v2\/pages\/113"}],"wp:attachment":[{"href":"https:\/\/www.drclaudiopol.com.ar\/nuevo\/wp-json\/wp\/v2\/media?parent=319"}],"curies":[{"name":"wp","href":"https:\/\/api.w.org\/{rel}","templated":true}]}}