{"id":133,"date":"2014-05-20T18:40:04","date_gmt":"2014-05-20T18:40:04","guid":{"rendered":"http:\/\/localhost\/drclaudiopol\/3_2014\/?page_id=133"},"modified":"2014-12-22T17:06:31","modified_gmt":"2014-12-22T17:06:31","slug":"cirugia-de-parpados-blefaroplastia","status":"publish","type":"page","link":"https:\/\/www.drclaudiopol.com.ar\/nuevo\/tratamientos\/cirugia-facial\/cirugia-de-parpados-blefaroplastia\/","title":{"rendered":"Blefaroplast\u00eda (cirug\u00eda de p\u00e1rpados)"},"content":{"rendered":"<div class=\"foto-derecha\"><img decoding=\"async\" src=\"http:\/\/drclaudiopol.com.ar\/nuevo\/wp-content\/uploads\/blefaroplastia2.jpg\" alt=\"Blefaroplastia\" \/><\/p>\n<div style=\"padding-top: 10px;\"><div class=\"su-button-center\"><a href=\"#casos\" class=\"su-button su-button-style-default\" style=\"color:#FFFFFF;background-color:#78A39C;border-color:#60837d;border-radius:5px\" target=\"_self\"><span style=\"color:#FFFFFF;padding:6px 16px;font-size:13px;line-height:20px;border-color:#a1bfba;border-radius:5px;text-shadow:none\"><i class=\"sui sui-eye\" style=\"font-size:13px;color:#FFFFFF\"><\/i> ANTES-DESPU\u00c9S<\/span><\/a><\/div><\/div>\n<\/div>\n<p>La cirug\u00eda de los p\u00e1rpados o blefaroplast\u00eda mejora el aspecto avejentado, fatigado de la mirada.<\/p>\n<p>Mediante incisiones ubicadas en los pliegues naturales de los p\u00e1rpados superiores y bien cercanas a las pesta\u00f1as en los inferiores; eliminamos el exceso de piel, un segmento de m\u00fasculo orbicular y las bolsitas de grasa, seg\u00fan sea necesario.<\/p>\n<p>En personas que no presentan piel redundante en los p\u00e1rpados inferiores, podemos retirar exclusivamente las bolsitas mediante un abordaje denominado \u201ctransconjuntival\u201d, por dentro del p\u00e1rpado, sin cicatriz.<\/p>\n<p>Todas los pacientes deben realizar estudios preoperatorios y se analizan los factores de riesgo espec\u00edficos en cada uno de ellos.<\/p>\n<p>La cirug\u00eda se practica en forma ambulatoria (sin internaci\u00f3n); con anestesia local sumada a una sedaci\u00f3n proporcionada por un m\u00e9dico anestesi\u00f3logo para mayor confort del paciente. El procedimiento no demora m\u00e1s de una hora.<\/p>\n<div class=\"ilustraciones\">\n<div class=\"su-row\"><div class=\"su-column su-column-size-1-2\"><div class=\"su-column-inner su-u-clearfix su-u-trim\"><img decoding=\"async\" src=\"http:\/\/drclaudiopol.com.ar\/nuevo\/wp-content\/uploads\/tratamientos_cirugia_parpados_blefaroplastia_1.jpg\" alt=\"\" border=\"0\" \/><br \/>\n<i>Envejecimiento palpebral.<\/i><\/div><\/div>\n<div class=\"su-column su-column-size-1-2\"><div class=\"su-column-inner su-u-clearfix su-u-trim\"><img decoding=\"async\" src=\"http:\/\/drclaudiopol.com.ar\/nuevo\/wp-content\/uploads\/tratamientos_cirugia_parpados_blefaroplastia_2.jpg\" alt=\"\" border=\"0\" \/><br \/>\n<i>Resecci\u00f3n de piel excedente de<br \/>p\u00e1rpados superiores e inferiores.<\/i><\/div><\/div><\/div>\n<div class=\"su-row\"><div class=\"su-column su-column-size-1-2\"><div class=\"su-column-inner su-u-clearfix su-u-trim\"><img decoding=\"async\" src=\"http:\/\/drclaudiopol.com.ar\/nuevo\/wp-content\/uploads\/tratamientos_cirugia_parpados_blefaroplastia_3.jpg\" alt=\"\" border=\"0\" \/><br \/>\n<i>Eliminaci\u00f3n de bolsitas<br \/>de grasa.<\/i><\/div><\/div>\n<div class=\"su-column su-column-size-1-2\"><div class=\"su-column-inner su-u-clearfix su-u-trim\"><img decoding=\"async\" src=\"http:\/\/drclaudiopol.com.ar\/nuevo\/wp-content\/uploads\/tratamientos_cirugia_parpados_blefaroplastia_4.jpg\" alt=\"\" border=\"0\" \/><br \/>\n<i>Resultado final, con cicatrices<br \/>casi imperceptibles.<\/i><\/div><\/div><\/div>\n<\/div>\n<p>En 48 a 72 hs. los pacientes retoman sus tareas habituales sin realizar esfuerzos, con m\u00ednimos cuidados postoperatorios.<br \/>\n<a name=\"casos\"><\/a><br \/>\nEs habitual que se produzca cierto grado de edema postoperatorio (hinchaz\u00f3n), en los 2 o 3 d\u00edas posteriores a la cirug\u00eda. Otras complicaciones pueden ocurrir, aunque infrecuentes o de escasa importancia.<\/p>\n<p>&nbsp;<\/p>\n<div class=\"slide-casos\">\n<h3 align=\"center\">Blefaroplast\u00eda: Fotos de Casos &#8211; Antes y Despu\u00e9s<\/h3>\n\n\t\t<style type=\"text\/css\">\n\t\t\t#gallery-1 {\n\t\t\t\tmargin: auto;\n\t\t\t}\n\t\t\t#gallery-1 .gallery-item {\n\t\t\t\tfloat: left;\n\t\t\t\tmargin-top: 10px;\n\t\t\t\ttext-align: center;\n\t\t\t\twidth: 33%;\n\t\t\t}\n\t\t\t#gallery-1 img {\n\t\t\t\tborder: 2px solid #cfcfcf;\n\t\t\t}\n\t\t\t#gallery-1 .gallery-caption {\n\t\t\t\tmargin-left: 0;\n\t\t\t}\n\t\t\t\/* see gallery_shortcode() in wp-includes\/media.php *\/\n\t\t<\/style>\n\t\t<div id='gallery-1' class='gallery galleryid-133 gallery-columns-3 gallery-size-thumbnail'><dl class='gallery-item'>\n\t\t\t<dt class='gallery-icon landscape'>\n\t\t\t\t<img loading=\"lazy\" decoding=\"async\" width=\"150\" height=\"150\" src=\"https:\/\/www.drclaudiopol.com.ar\/nuevo\/wp-content\/uploads\/blefaroplastia-caso-1-frente-antesyantes-150x150.jpg\" class=\"attachment-thumbnail size-thumbnail\" alt=\"Blefaroplast\u00eda: Fotos de Casos - Antes y Despu\u00e9s\" aria-describedby=\"gallery-1-1765\" srcset=\"https:\/\/www.drclaudiopol.com.ar\/nuevo\/wp-content\/uploads\/blefaroplastia-caso-1-frente-antesyantes-150x150.jpg 150w, https:\/\/www.drclaudiopol.com.ar\/nuevo\/wp-content\/uploads\/blefaroplastia-caso-1-frente-antesyantes-37x37.jpg 37w, https:\/\/www.drclaudiopol.com.ar\/nuevo\/wp-content\/uploads\/blefaroplastia-caso-1-frente-antesyantes-128x128.jpg 128w, https:\/\/www.drclaudiopol.com.ar\/nuevo\/wp-content\/uploads\/blefaroplastia-caso-1-frente-antesyantes-184x184.jpg 184w\" sizes=\"auto, (max-width: 150px) 100vw, 150px\" \/>\n\t\t\t<\/dt>\n\t\t\t\t<dd class='wp-caption-text gallery-caption' id='gallery-1-1765'>\n\t\t\t\t1\n\t\t\t\t<\/dd><\/dl><dl class='gallery-item'>\n\t\t\t<dt class='gallery-icon landscape'>\n\t\t\t\t<img loading=\"lazy\" decoding=\"async\" width=\"150\" height=\"150\" src=\"https:\/\/www.drclaudiopol.com.ar\/nuevo\/wp-content\/uploads\/blefaroplastia-caso-1-frente-antesydespues1-150x150.jpg\" class=\"attachment-thumbnail size-thumbnail\" alt=\"Blefaroplastia\" srcset=\"https:\/\/www.drclaudiopol.com.ar\/nuevo\/wp-content\/uploads\/blefaroplastia-caso-1-frente-antesydespues1-150x150.jpg 150w, https:\/\/www.drclaudiopol.com.ar\/nuevo\/wp-content\/uploads\/blefaroplastia-caso-1-frente-antesydespues1-37x37.jpg 37w, https:\/\/www.drclaudiopol.com.ar\/nuevo\/wp-content\/uploads\/blefaroplastia-caso-1-frente-antesydespues1-128x128.jpg 128w, https:\/\/www.drclaudiopol.com.ar\/nuevo\/wp-content\/uploads\/blefaroplastia-caso-1-frente-antesydespues1-184x184.jpg 184w\" sizes=\"auto, (max-width: 150px) 100vw, 150px\" \/>\n\t\t\t<\/dt><\/dl><dl class='gallery-item'>\n\t\t\t<dt class='gallery-icon landscape'>\n\t\t\t\t<img loading=\"lazy\" decoding=\"async\" width=\"150\" height=\"150\" src=\"https:\/\/www.drclaudiopol.com.ar\/nuevo\/wp-content\/uploads\/blefaroplastia-caso-2-frente-antesyantes-150x150.jpg\" class=\"attachment-thumbnail size-thumbnail\" alt=\"Blefaroplast\u00eda: Fotos de Casos - Antes y Despu\u00e9s\" aria-describedby=\"gallery-1-1767\" srcset=\"https:\/\/www.drclaudiopol.com.ar\/nuevo\/wp-content\/uploads\/blefaroplastia-caso-2-frente-antesyantes-150x150.jpg 150w, https:\/\/www.drclaudiopol.com.ar\/nuevo\/wp-content\/uploads\/blefaroplastia-caso-2-frente-antesyantes-37x37.jpg 37w, https:\/\/www.drclaudiopol.com.ar\/nuevo\/wp-content\/uploads\/blefaroplastia-caso-2-frente-antesyantes-128x128.jpg 128w, https:\/\/www.drclaudiopol.com.ar\/nuevo\/wp-content\/uploads\/blefaroplastia-caso-2-frente-antesyantes-184x184.jpg 184w\" sizes=\"auto, (max-width: 150px) 100vw, 150px\" \/>\n\t\t\t<\/dt>\n\t\t\t\t<dd class='wp-caption-text gallery-caption' id='gallery-1-1767'>\n\t\t\t\t2\n\t\t\t\t<\/dd><\/dl><br style=\"clear: both\" \/><dl class='gallery-item'>\n\t\t\t<dt class='gallery-icon landscape'>\n\t\t\t\t<img loading=\"lazy\" decoding=\"async\" width=\"150\" height=\"150\" src=\"https:\/\/www.drclaudiopol.com.ar\/nuevo\/wp-content\/uploads\/blefaroplastia-caso-2-frente-antesydespues-150x150.jpg\" class=\"attachment-thumbnail size-thumbnail\" alt=\"Blefaroplastia\" srcset=\"https:\/\/www.drclaudiopol.com.ar\/nuevo\/wp-content\/uploads\/blefaroplastia-caso-2-frente-antesydespues-150x150.jpg 150w, https:\/\/www.drclaudiopol.com.ar\/nuevo\/wp-content\/uploads\/blefaroplastia-caso-2-frente-antesydespues-37x37.jpg 37w, https:\/\/www.drclaudiopol.com.ar\/nuevo\/wp-content\/uploads\/blefaroplastia-caso-2-frente-antesydespues-128x128.jpg 128w, https:\/\/www.drclaudiopol.com.ar\/nuevo\/wp-content\/uploads\/blefaroplastia-caso-2-frente-antesydespues-184x184.jpg 184w\" sizes=\"auto, (max-width: 150px) 100vw, 150px\" \/>\n\t\t\t<\/dt><\/dl>\n\t\t\t<br style='clear: both' \/>\n\t\t<\/div>\n<\/div>\n[contemplate-6]\n","protected":false},"excerpt":{"rendered":"<p>La cirug\u00eda de los p\u00e1rpados o blefaroplast\u00eda mejora el aspecto avejentado, fatigado de la mirada. Mediante incisiones ubicadas en los pliegues naturales de los p\u00e1rpados superiores y bien cercanas a las pesta\u00f1as en los inferiores; eliminamos el exceso de piel, un segmento de m\u00fasculo orbicular y las bolsitas de grasa, seg\u00fan sea necesario. En personas [&hellip;]<\/p>\n","protected":false},"author":3,"featured_media":0,"parent":74,"menu_order":7,"comment_status":"open","ping_status":"closed","template":"page-full.php","meta":{"footnotes":""},"class_list":["post-133","page","type-page","status-publish","hentry"],"_links":{"self":[{"href":"https:\/\/www.drclaudiopol.com.ar\/nuevo\/wp-json\/wp\/v2\/pages\/133","targetHints":{"allow":["GET"]}}],"collection":[{"href":"https:\/\/www.drclaudiopol.com.ar\/nuevo\/wp-json\/wp\/v2\/pages"}],"about":[{"href":"https:\/\/www.drclaudiopol.com.ar\/nuevo\/wp-json\/wp\/v2\/types\/page"}],"author":[{"embeddable":true,"href":"https:\/\/www.drclaudiopol.com.ar\/nuevo\/wp-json\/wp\/v2\/users\/3"}],"replies":[{"embeddable":true,"href":"https:\/\/www.drclaudiopol.com.ar\/nuevo\/wp-json\/wp\/v2\/comments?post=133"}],"version-history":[{"count":13,"href":"https:\/\/www.drclaudiopol.com.ar\/nuevo\/wp-json\/wp\/v2\/pages\/133\/revisions"}],"predecessor-version":[{"id":2170,"href":"https:\/\/www.drclaudiopol.com.ar\/nuevo\/wp-json\/wp\/v2\/pages\/133\/revisions\/2170"}],"up":[{"embeddable":true,"href":"https:\/\/www.drclaudiopol.com.ar\/nuevo\/wp-json\/wp\/v2\/pages\/74"}],"wp:attachment":[{"href":"https:\/\/www.drclaudiopol.com.ar\/nuevo\/wp-json\/wp\/v2\/media?parent=133"}],"curies":[{"name":"wp","href":"https:\/\/api.w.org\/{rel}","templated":true}]}}