{"id":113,"date":"2014-05-20T17:56:42","date_gmt":"2014-05-20T17:56:42","guid":{"rendered":"http:\/\/localhost\/drclaudiopol\/3_2014\/?page_id=113"},"modified":"2014-11-25T14:02:32","modified_gmt":"2014-11-25T14:02:32","slug":"medicina-estetica","status":"publish","type":"page","link":"https:\/\/www.drclaudiopol.com.ar\/nuevo\/tratamientos\/medicina-estetica\/","title":{"rendered":"Medicina Est\u00e9tica"},"content":{"rendered":"<div class=\"foto-derecha\"><img decoding=\"async\" src=\"http:\/\/drclaudiopol.com.ar\/nuevo\/wp-content\/uploads\/medicina-estetica.jpg\" alt=\"Medicina Est\u00e9tica\" \/><\/div>\n<p align=\"left\">En nuestro Centro M\u00e9dico contamos con especialistas certificados, con alta capacitaci\u00f3n profesional y comprometidos con est\u00e1ndares de excelencia en Medicina Est\u00e9tica. Ofrecemos una amplia gama de tratamientos faciales y corporales, adaptados a cada necesidad y con el soporte de una plataforma tecnol\u00f3gica de \u00faltima generaci\u00f3n.<\/p>\n<p><b>Dermatolog\u00eda cl\u00ednica y est\u00e9tica.\u00a0Cirug\u00eda dermatol\u00f3gica.\u00a0Cosmiatr\u00eda.\u00a0Cosmetolog\u00eda.\u00a0Medicina Est\u00e9tica<\/b><\/p>\n[contemplate-5]\n","protected":false},"excerpt":{"rendered":"<p>En nuestro Centro M\u00e9dico contamos con especialistas certificados, con alta capacitaci\u00f3n profesional y comprometidos con est\u00e1ndares de excelencia en Medicina Est\u00e9tica. Ofrecemos una amplia gama de tratamientos faciales y corporales, adaptados a cada necesidad y con el soporte de una plataforma tecnol\u00f3gica de \u00faltima generaci\u00f3n. Dermatolog\u00eda cl\u00ednica y est\u00e9tica.\u00a0Cirug\u00eda dermatol\u00f3gica.\u00a0Cosmiatr\u00eda.\u00a0Cosmetolog\u00eda.\u00a0Medicina Est\u00e9tica [contemplate-5]<\/p>\n","protected":false},"author":3,"featured_media":0,"parent":49,"menu_order":71,"comment_status":"open","ping_status":"closed","template":"page-full.php","meta":{"footnotes":""},"class_list":["post-113","page","type-page","status-publish","hentry"],"_links":{"self":[{"href":"https:\/\/www.drclaudiopol.com.ar\/nuevo\/wp-json\/wp\/v2\/pages\/113","targetHints":{"allow":["GET"]}}],"collection":[{"href":"https:\/\/www.drclaudiopol.com.ar\/nuevo\/wp-json\/wp\/v2\/pages"}],"about":[{"href":"https:\/\/www.drclaudiopol.com.ar\/nuevo\/wp-json\/wp\/v2\/types\/page"}],"author":[{"embeddable":true,"href":"https:\/\/www.drclaudiopol.com.ar\/nuevo\/wp-json\/wp\/v2\/users\/3"}],"replies":[{"embeddable":true,"href":"https:\/\/www.drclaudiopol.com.ar\/nuevo\/wp-json\/wp\/v2\/comments?post=113"}],"version-history":[{"count":8,"href":"https:\/\/www.drclaudiopol.com.ar\/nuevo\/wp-json\/wp\/v2\/pages\/113\/revisions"}],"predecessor-version":[{"id":1612,"href":"https:\/\/www.drclaudiopol.com.ar\/nuevo\/wp-json\/wp\/v2\/pages\/113\/revisions\/1612"}],"up":[{"embeddable":true,"href":"https:\/\/www.drclaudiopol.com.ar\/nuevo\/wp-json\/wp\/v2\/pages\/49"}],"wp:attachment":[{"href":"https:\/\/www.drclaudiopol.com.ar\/nuevo\/wp-json\/wp\/v2\/media?parent=113"}],"curies":[{"name":"wp","href":"https:\/\/api.w.org\/{rel}","templated":true}]}}